{"id":61,"date":"2025-11-22T12:44:37","date_gmt":"2025-11-22T11:44:37","guid":{"rendered":"https:\/\/trievesperspectives2026.fr\/?page_id=61"},"modified":"2025-11-22T12:46:37","modified_gmt":"2025-11-22T11:46:37","slug":"jeunesse","status":"publish","type":"page","link":"https:\/\/trievesperspectives2026.fr\/index.php\/jeunesse\/","title":{"rendered":"jeunesse"},"content":{"rendered":"\n<p class=\"has-text-color has-link-color has-lora-font-family has-custom-font wp-elements-05f513cf04a348b1062bebb3d1d78d67\" style=\"color:#ed6e28;font-size:60px;font-family:Lora\">Penser l&rsquo;avenir avec les enfants et la jeunesse<\/p>\n\n\n\n<p><br>Pr\u00e9parer l\u2019avenir du territoire, c\u2019est d\u2019abord r\u00e9pondre aux besoins de la jeunesse, de la petite enfance \u00e0 l\u2019adolescence. Cela implique d&rsquo;\u00eatre aux c\u00f4t\u00e9s des communes dans leurs relations avec l\u2019\u00c9ducation nationale, tant pour les \u00e9coles que pour les coll\u00e8ges et de proposer des \u00e9quipements adapt\u00e9s, qu\u2019ils soient sportifs, culturels ou li\u00e9s au plein air.<\/p>\n\n\n\n<p class=\"has-background\" style=\"background-color:#afc2513d\">&#8211; Quelle place donner \u00e0 la ComCom dans le dialogue avec l\u2019\u00c9ducation nationale ?<br>&#8211; Quels \u00e9quipements sportifs et culturels intercommunaux n\u00e9cessaires pour une jeunesse \u00e9panouie ?<\/p>\n","protected":false},"excerpt":{"rendered":"<p>Penser l&rsquo;avenir avec les enfants et la jeunesse Pr\u00e9parer l\u2019avenir du territoire, c\u2019est d\u2019abord r\u00e9pondre aux besoins de la jeunesse, de la petite enfance \u00e0 l\u2019adolescence. Cela implique d&rsquo;\u00eatre aux c\u00f4t\u00e9s des communes dans leurs relations avec l\u2019\u00c9ducation nationale, tant pour les \u00e9coles que pour les coll\u00e8ges et de proposer des \u00e9quipements adapt\u00e9s, qu\u2019ils soient [&hellip;]<\/p>\n","protected":false},"author":1,"featured_media":0,"parent":0,"menu_order":0,"comment_status":"closed","ping_status":"closed","template":"","meta":{"_coblocks_attr":"Lora","_coblocks_dimensions":"","_coblocks_responsive_height":"","_coblocks_accordion_ie_support":"","hide_page_title":"enabled","footnotes":""},"class_list":["post-61","page","type-page","status-publish","hentry"],"_links":{"self":[{"href":"https:\/\/trievesperspectives2026.fr\/index.php\/wp-json\/wp\/v2\/pages\/61","targetHints":{"allow":["GET"]}}],"collection":[{"href":"https:\/\/trievesperspectives2026.fr\/index.php\/wp-json\/wp\/v2\/pages"}],"about":[{"href":"https:\/\/trievesperspectives2026.fr\/index.php\/wp-json\/wp\/v2\/types\/page"}],"author":[{"embeddable":true,"href":"https:\/\/trievesperspectives2026.fr\/index.php\/wp-json\/wp\/v2\/users\/1"}],"replies":[{"embeddable":true,"href":"https:\/\/trievesperspectives2026.fr\/index.php\/wp-json\/wp\/v2\/comments?post=61"}],"version-history":[{"count":2,"href":"https:\/\/trievesperspectives2026.fr\/index.php\/wp-json\/wp\/v2\/pages\/61\/revisions"}],"predecessor-version":[{"id":65,"href":"https:\/\/trievesperspectives2026.fr\/index.php\/wp-json\/wp\/v2\/pages\/61\/revisions\/65"}],"wp:attachment":[{"href":"https:\/\/trievesperspectives2026.fr\/index.php\/wp-json\/wp\/v2\/media?parent=61"}],"curies":[{"name":"wp","href":"https:\/\/api.w.org\/{rel}","templated":true}]}}